{"id":387,"date":"2019-02-06T15:29:31","date_gmt":"2019-02-06T15:29:31","guid":{"rendered":"http:\/\/concerned-coyote.w5.wpsandbox.pro\/?page_id=387"},"modified":"2021-07-23T19:49:50","modified_gmt":"2021-07-23T19:49:50","slug":"contact","status":"publish","type":"page","link":"https:\/\/iniciate.cl\/index.php\/contact\/","title":{"rendered":"Contacto"},"content":{"rendered":"\t\t<div data-elementor-type=\"wp-page\" data-elementor-id=\"387\" class=\"elementor elementor-387\" data-elementor-settings=\"[]\">\n\t\t\t\t\t\t\t<div class=\"elementor-section-wrap\">\n\t\t\t\t\t\t\t<section class=\"elementor-section elementor-top-section elementor-element elementor-element-7abe6ec8 elementor-section-boxed elementor-section-height-default elementor-section-height-default\" data-id=\"7abe6ec8\" data-element_type=\"section\">\n\t\t\t\t\t\t<div class=\"elementor-container elementor-column-gap-default\">\n\t\t\t\t\t<div class=\"elementor-column elementor-col-100 elementor-top-column elementor-element elementor-element-4edba34c\" data-id=\"4edba34c\" data-element_type=\"column\">\n\t\t\t<div class=\"elementor-widget-wrap elementor-element-populated\">\n\t\t\t\t\t\t\t\t<div class=\"elementor-element elementor-element-4ffb1826 elementor-widget elementor-widget-text-editor\" data-id=\"4ffb1826\" data-element_type=\"widget\" data-widget_type=\"text-editor.default\">\n\t\t\t\t<div class=\"elementor-widget-container\">\n\t\t\t\t\t\t\t\t<p>\u00bfConversemos? Puedes llenar este formulario de contacto o bien nos puedes escribir al correo virtsecre@gmail.com o llamarnos al n\u00famero\u00a0<span style=\"color: #51585f; font-family: -apple-system, blinkmacsystemfont, 'segoe ui', roboto, oxygen-sans, ubuntu, cantarell, 'helvetica neue', helvetica, arial, sans-serif; font-weight: var( --e-global-typography-text-font-weight ); font-size: 1rem;\">+569 91889079<\/span><\/p>\t\t\t\t\t\t<\/div>\n\t\t\t\t<\/div>\n\t\t\t\t\t<\/div>\n\t\t<\/div>\n\t\t\t\t\t\t\t<\/div>\n\t\t<\/section>\n\t\t\t\t<section class=\"elementor-section elementor-top-section elementor-element elementor-element-4352b19 elementor-section-boxed elementor-section-height-default elementor-section-height-default\" data-id=\"4352b19\" data-element_type=\"section\">\n\t\t\t\t\t\t<div class=\"elementor-container elementor-column-gap-default\">\n\t\t\t\t\t<div class=\"elementor-column elementor-col-100 elementor-top-column elementor-element elementor-element-8a14cc0\" data-id=\"8a14cc0\" data-element_type=\"column\">\n\t\t\t<div class=\"elementor-widget-wrap elementor-element-populated\">\n\t\t\t\t\t\t\t\t<div class=\"elementor-element elementor-element-0058099 elementor-widget elementor-widget-shortcode\" data-id=\"0058099\" data-element_type=\"widget\" data-widget_type=\"shortcode.default\">\n\t\t\t\t<div class=\"elementor-widget-container\">\n\t\t\t\t\t<div class=\"elementor-shortcode\"><div class=\"everest-forms\"><div class=\"evf-container default\" id=\"evf-380\"><form id=\"evf-form-380\" class=\"everest-form\" data-formid=\"380\" data-ajax_submission=\"0\" method=\"post\" enctype=\"multipart\/form-data\" action=\"\/index.php\/wp-json\/wp\/v2\/pages\/387\"><div class=\"evf-field-container\"><input type=\"hidden\" id=\"_wpnonce\" name=\"_wpnonce\" value=\"4fbf831a04\" \/><input type=\"hidden\" name=\"_wp_http_referer\" value=\"\/index.php\/wp-json\/wp\/v2\/pages\/387\" \/><div class=\"evf-frontend-row\" data-row=\"row_1\"><div class=\"evf-frontend-grid evf-grid-1\" data-grid=\"grid_1\"><div id=\"evf-380-field_fullname-container\" class=\"evf-field evf-field-text form-row validate-required\" data-required-field-message=\"Este campo es obligatorio.\" data-field-id=\"fullname\"><label class=\"evf-field-label\" for=\"evf-380-field_fullname\"><span class=\"evf-label\">Nombre completo<\/span> <abbr class=\"required\" title=\"Obligatorio\">*<\/abbr><\/label><input type=\"text\" id=\"evf-380-field_fullname\" class=\"input-text\" name=\"everest_forms[form_fields][fullname]\" required><\/div><div id=\"evf-380-field_Ld1bTjLOsC-1-container\" class=\"evf-field evf-field-text form-row\" data-field-id=\"Ld1bTjLOsC-1\"><label class=\"evf-field-label\" for=\"evf-380-field_Ld1bTjLOsC-1\"><span class=\"evf-label\">Empresa | Nombre y descripci\u00f3n<\/span> <\/label><input type=\"text\" id=\"evf-380-field_Ld1bTjLOsC-1\" class=\"input-text\" name=\"everest_forms[form_fields][Ld1bTjLOsC-1]\" ><\/div><div id=\"evf-380-field_U45MaMuEKr-2-container\" class=\"evf-field evf-field-text form-row\" data-field-id=\"U45MaMuEKr-2\"><label class=\"evf-field-label\" for=\"evf-380-field_U45MaMuEKr-2\"><span class=\"evf-label\">Cargo<\/span> <\/label><input type=\"text\" id=\"evf-380-field_U45MaMuEKr-2\" class=\"input-text\" name=\"everest_forms[form_fields][U45MaMuEKr-2]\" ><\/div><div id=\"evf-380-field_email-container\" class=\"evf-field evf-field-email form-row validate-required validate-email\" data-required-field-message=\"Por favor, usa una direcci\u00f3n de correo electr\u00f3nico v\u00e1lida.\" data-field-id=\"email\"><label class=\"evf-field-label\" for=\"evf-380-field_email\"><span class=\"evf-label\">Correo<\/span> <abbr class=\"required\" title=\"Obligatorio\">*<\/abbr><\/label><input type=\"email\" id=\"evf-380-field_email\" class=\"input-text\" name=\"everest_forms[form_fields][email]\" required><\/div><div id=\"evf-380-field_subject-container\" class=\"evf-field evf-field-text form-row validate-required\" data-required-field-message=\"Este campo es obligatorio.\" data-field-id=\"subject\"><label class=\"evf-field-label\" for=\"evf-380-field_subject\"><span class=\"evf-label\">Asunto<\/span> <abbr class=\"required\" title=\"Obligatorio\">*<\/abbr><\/label><input type=\"text\" id=\"evf-380-field_subject\" class=\"input-text\" name=\"everest_forms[form_fields][subject]\" required><\/div><div id=\"evf-380-field_message-container\" class=\"evf-field evf-field-textarea form-row\" data-field-id=\"message\"><label class=\"evf-field-label\" for=\"evf-380-field_message\"><span class=\"evf-label\">Mensaje<\/span> <\/label><textarea id=\"evf-380-field_message\" class=\"input-text\" name=\"everest_forms[form_fields][message]\" ><\/textarea><\/div><\/div><\/div><\/div><div class=\"evf-honeypot-container evf-field-hp\"><label for=\"evf-380-field-hp\" class=\"evf-field-label\">Name<\/label><input type=\"text\" name=\"everest_forms[hp]\" id=\"evf-380-field-hp\" class=\"input-text\"><\/div><div class=\"evf-submit-container \" ><input type=\"hidden\" name=\"everest_forms[id]\" value=\"380\"><input type=\"hidden\" name=\"everest_forms[author]\" value=\"1\"><button type='submit' name='everest_forms[submit]' class='everest-forms-submit-button button evf-submit ' id='evf-submit-380' value='evf-submit' data-process-text=\"Procesando...\" conditional_rules='\"\"' conditional_id='evf-submit-380' >Enviar<\/button><\/div><\/form><\/div><!-- .evf-container --><\/div><\/div>\n\t\t\t\t<\/div>\n\t\t\t\t<\/div>\n\t\t\t\t\t<\/div>\n\t\t<\/div>\n\t\t\t\t\t\t\t<\/div>\n\t\t<\/section>\n\t\t\t\t\t\t<\/div>\n\t\t\t\t\t<\/div>\n\t\t","protected":false},"excerpt":{"rendered":"<p>\u00bfConversemos? Puedes llenar este formulario de contacto o bien nos puedes escribir al correo virtsecre@gmail.com o llamarnos al n\u00famero&nbsp;+569 91889079<\/p>\n","protected":false},"author":1,"featured_media":0,"parent":0,"menu_order":0,"comment_status":"closed","ping_status":"closed","template":"","meta":{"footnotes":""},"class_list":["post-387","page","type-page","status-publish","hentry"],"_links":{"self":[{"href":"https:\/\/iniciate.cl\/index.php\/wp-json\/wp\/v2\/pages\/387","targetHints":{"allow":["GET"]}}],"collection":[{"href":"https:\/\/iniciate.cl\/index.php\/wp-json\/wp\/v2\/pages"}],"about":[{"href":"https:\/\/iniciate.cl\/index.php\/wp-json\/wp\/v2\/types\/page"}],"author":[{"embeddable":true,"href":"https:\/\/iniciate.cl\/index.php\/wp-json\/wp\/v2\/users\/1"}],"replies":[{"embeddable":true,"href":"https:\/\/iniciate.cl\/index.php\/wp-json\/wp\/v2\/comments?post=387"}],"version-history":[{"count":4,"href":"https:\/\/iniciate.cl\/index.php\/wp-json\/wp\/v2\/pages\/387\/revisions"}],"predecessor-version":[{"id":1439,"href":"https:\/\/iniciate.cl\/index.php\/wp-json\/wp\/v2\/pages\/387\/revisions\/1439"}],"wp:attachment":[{"href":"https:\/\/iniciate.cl\/index.php\/wp-json\/wp\/v2\/media?parent=387"}],"curies":[{"name":"wp","href":"https:\/\/api.w.org\/{rel}","templated":true}]}}